{"id":116,"date":"2023-07-04T10:33:36","date_gmt":"2023-07-04T10:33:36","guid":{"rendered":"https:\/\/rehaana.hr\/?page_id=116"},"modified":"2023-07-04T12:23:12","modified_gmt":"2023-07-04T12:23:12","slug":"o-nama","status":"publish","type":"page","link":"https:\/\/rehaana.hr\/?page_id=116","title":{"rendered":"O nama"},"content":{"rendered":"\n<div class=\"wp-block-media-text alignwide has-media-on-the-right is-stacked-on-mobile\"><div class=\"wp-block-media-text__content\">\n<p>Vlasnica RehaAna obrta za njegu i oblikovanje tijela, Ana Beji\u0107, bacc. fizioterapije specijalizirala se za rad s djecom s neurorazvojnim, neurolo\u0161kim i ortopedskim problemima. <\/p>\n\n\n\n<p>2011. godine zavr\u0161ila je fizioterapiju na Veleu\u010dili\u0161tu Lavoslav Ru\u017ei\u010dka. Osim formalnog obrazovanja poha\u0111ala je i dodatne edukacije za kinesio taping, manualnu limfnu drena\u017eu, te Schroth metodu i NRT Bobath.<\/p>\n\n\n\n<p>Svoje znanje i iskustvo i dalje neprestano nadopunjuje raznim edukacijama, novim tehnikama i saznanjima koje su usko povezane.<\/p>\n<\/div><figure class=\"wp-block-media-text__media\"><img decoding=\"async\" loading=\"lazy\" width=\"683\" height=\"1024\" src=\"https:\/\/rehaana.hr\/wp-content\/uploads\/2023\/07\/MG_2241-683x1024.jpg\" alt=\"\" class=\"wp-image-117 size-full\" srcset=\"https:\/\/rehaana.hr\/wp-content\/uploads\/2023\/07\/MG_2241-683x1024.jpg 683w, https:\/\/rehaana.hr\/wp-content\/uploads\/2023\/07\/MG_2241-200x300.jpg 200w, https:\/\/rehaana.hr\/wp-content\/uploads\/2023\/07\/MG_2241-768x1152.jpg 768w, https:\/\/rehaana.hr\/wp-content\/uploads\/2023\/07\/MG_2241-40x60.jpg 40w, https:\/\/rehaana.hr\/wp-content\/uploads\/2023\/07\/MG_2241.jpg 1000w\" sizes=\"(max-width: 683px) 100vw, 683px\" \/><\/figure><\/div>\n","protected":false},"excerpt":{"rendered":"<p>Vlasnica RehaAna obrta za njegu i oblikovanje tijela, Ana Beji\u0107, bacc. fizioterapije specijalizirala se za rad s djecom s neurorazvojnim, neurolo\u0161kim i ortopedskim problemima. 2011. godine zavr\u0161ila je fizioterapiju na &hellip; <\/p>\n","protected":false},"author":1,"featured_media":0,"parent":0,"menu_order":0,"comment_status":"closed","ping_status":"closed","template":"","meta":[],"yoast_head":"<!-- This site is optimized with the Yoast SEO plugin v19.14 - https:\/\/yoast.com\/wordpress\/plugins\/seo\/ -->\n<title>O nama -<\/title>\n<meta name=\"robots\" content=\"index, follow, max-snippet:-1, max-image-preview:large, max-video-preview:-1\" \/>\n<link rel=\"canonical\" href=\"https:\/\/rehaana.hr\/?page_id=116\" \/>\n<meta property=\"og:locale\" content=\"en_US\" \/>\n<meta property=\"og:type\" content=\"article\" \/>\n<meta property=\"og:title\" content=\"O nama -\" \/>\n<meta property=\"og:description\" content=\"Vlasnica RehaAna obrta za njegu i oblikovanje tijela, Ana Beji\u0107, bacc. fizioterapije specijalizirala se za rad s djecom s neurorazvojnim, neurolo\u0161kim i ortopedskim problemima. 2011. godine zavr\u0161ila je fizioterapiju na &hellip;\" \/>\n<meta property=\"og:url\" content=\"https:\/\/rehaana.hr\/?page_id=116\" \/>\n<meta property=\"article:modified_time\" content=\"2023-07-04T12:23:12+00:00\" \/>\n<meta property=\"og:image\" content=\"https:\/\/rehaana.hr\/wp-content\/uploads\/2023\/07\/MG_2241-683x1024.jpg\" \/>\n<meta name=\"twitter:card\" content=\"summary_large_image\" \/>\n<script type=\"application\/ld+json\" class=\"yoast-schema-graph\">{\"@context\":\"https:\/\/schema.org\",\"@graph\":[{\"@type\":\"WebPage\",\"@id\":\"https:\/\/rehaana.hr\/?page_id=116\",\"url\":\"https:\/\/rehaana.hr\/?page_id=116\",\"name\":\"O nama -\",\"isPartOf\":{\"@id\":\"https:\/\/rehaana.hr\/#website\"},\"datePublished\":\"2023-07-04T10:33:36+00:00\",\"dateModified\":\"2023-07-04T12:23:12+00:00\",\"breadcrumb\":{\"@id\":\"https:\/\/rehaana.hr\/?page_id=116#breadcrumb\"},\"inLanguage\":\"en-US\",\"potentialAction\":[{\"@type\":\"ReadAction\",\"target\":[\"https:\/\/rehaana.hr\/?page_id=116\"]}]},{\"@type\":\"BreadcrumbList\",\"@id\":\"https:\/\/rehaana.hr\/?page_id=116#breadcrumb\",\"itemListElement\":[{\"@type\":\"ListItem\",\"position\":1,\"name\":\"Home\",\"item\":\"https:\/\/rehaana.hr\/\"},{\"@type\":\"ListItem\",\"position\":2,\"name\":\"O nama\"}]},{\"@type\":\"WebSite\",\"@id\":\"https:\/\/rehaana.hr\/#website\",\"url\":\"https:\/\/rehaana.hr\/\",\"name\":\"\",\"description\":\"\",\"potentialAction\":[{\"@type\":\"SearchAction\",\"target\":{\"@type\":\"EntryPoint\",\"urlTemplate\":\"https:\/\/rehaana.hr\/?s={search_term_string}\"},\"query-input\":\"required name=search_term_string\"}],\"inLanguage\":\"en-US\"}]}<\/script>\n<!-- \/ Yoast SEO plugin. -->","yoast_head_json":{"title":"O nama -","robots":{"index":"index","follow":"follow","max-snippet":"max-snippet:-1","max-image-preview":"max-image-preview:large","max-video-preview":"max-video-preview:-1"},"canonical":"https:\/\/rehaana.hr\/?page_id=116","og_locale":"en_US","og_type":"article","og_title":"O nama -","og_description":"Vlasnica RehaAna obrta za njegu i oblikovanje tijela, Ana Beji\u0107, bacc. fizioterapije specijalizirala se za rad s djecom s neurorazvojnim, neurolo\u0161kim i ortopedskim problemima. 2011. godine zavr\u0161ila je fizioterapiju na &hellip;","og_url":"https:\/\/rehaana.hr\/?page_id=116","article_modified_time":"2023-07-04T12:23:12+00:00","og_image":[{"url":"https:\/\/rehaana.hr\/wp-content\/uploads\/2023\/07\/MG_2241-683x1024.jpg"}],"twitter_card":"summary_large_image","schema":{"@context":"https:\/\/schema.org","@graph":[{"@type":"WebPage","@id":"https:\/\/rehaana.hr\/?page_id=116","url":"https:\/\/rehaana.hr\/?page_id=116","name":"O nama -","isPartOf":{"@id":"https:\/\/rehaana.hr\/#website"},"datePublished":"2023-07-04T10:33:36+00:00","dateModified":"2023-07-04T12:23:12+00:00","breadcrumb":{"@id":"https:\/\/rehaana.hr\/?page_id=116#breadcrumb"},"inLanguage":"en-US","potentialAction":[{"@type":"ReadAction","target":["https:\/\/rehaana.hr\/?page_id=116"]}]},{"@type":"BreadcrumbList","@id":"https:\/\/rehaana.hr\/?page_id=116#breadcrumb","itemListElement":[{"@type":"ListItem","position":1,"name":"Home","item":"https:\/\/rehaana.hr\/"},{"@type":"ListItem","position":2,"name":"O nama"}]},{"@type":"WebSite","@id":"https:\/\/rehaana.hr\/#website","url":"https:\/\/rehaana.hr\/","name":"","description":"","potentialAction":[{"@type":"SearchAction","target":{"@type":"EntryPoint","urlTemplate":"https:\/\/rehaana.hr\/?s={search_term_string}"},"query-input":"required name=search_term_string"}],"inLanguage":"en-US"}]}},"_links":{"self":[{"href":"https:\/\/rehaana.hr\/index.php?rest_route=\/wp\/v2\/pages\/116"}],"collection":[{"href":"https:\/\/rehaana.hr\/index.php?rest_route=\/wp\/v2\/pages"}],"about":[{"href":"https:\/\/rehaana.hr\/index.php?rest_route=\/wp\/v2\/types\/page"}],"author":[{"embeddable":true,"href":"https:\/\/rehaana.hr\/index.php?rest_route=\/wp\/v2\/users\/1"}],"replies":[{"embeddable":true,"href":"https:\/\/rehaana.hr\/index.php?rest_route=%2Fwp%2Fv2%2Fcomments&post=116"}],"version-history":[{"count":1,"href":"https:\/\/rehaana.hr\/index.php?rest_route=\/wp\/v2\/pages\/116\/revisions"}],"predecessor-version":[{"id":118,"href":"https:\/\/rehaana.hr\/index.php?rest_route=\/wp\/v2\/pages\/116\/revisions\/118"}],"wp:attachment":[{"href":"https:\/\/rehaana.hr\/index.php?rest_route=%2Fwp%2Fv2%2Fmedia&parent=116"}],"curies":[{"name":"wp","href":"https:\/\/api.w.org\/{rel}","templated":true}]}}