{"id":85,"date":"2023-06-27T15:22:32","date_gmt":"2023-06-27T15:22:32","guid":{"rendered":"https:\/\/rehaana.hr\/?page_id=85"},"modified":"2023-06-28T15:33:18","modified_gmt":"2023-06-28T15:33:18","slug":"schroth-metoda","status":"publish","type":"page","link":"https:\/\/rehaana.hr\/?page_id=85","title":{"rendered":"Schroth metoda"},"content":{"rendered":"\n<div class=\"wp-block-media-text alignwide is-stacked-on-mobile\"><figure class=\"wp-block-media-text__media\"><img decoding=\"async\" loading=\"lazy\" width=\"683\" height=\"1024\" src=\"https:\/\/rehaana.hr\/wp-content\/uploads\/2023\/06\/3c0695c-683x1024.jpg\" alt=\"\" class=\"wp-image-111 size-full\" srcset=\"https:\/\/rehaana.hr\/wp-content\/uploads\/2023\/06\/3c0695c-683x1024.jpg 683w, https:\/\/rehaana.hr\/wp-content\/uploads\/2023\/06\/3c0695c-200x300.jpg 200w, https:\/\/rehaana.hr\/wp-content\/uploads\/2023\/06\/3c0695c-768x1152.jpg 768w, https:\/\/rehaana.hr\/wp-content\/uploads\/2023\/06\/3c0695c-40x60.jpg 40w, https:\/\/rehaana.hr\/wp-content\/uploads\/2023\/06\/3c0695c.jpg 1000w\" sizes=\"(max-width: 683px) 100vw, 683px\" \/><\/figure><div class=\"wp-block-media-text__content\">\n<p>Schroth metoda je terapijski pristup koji se koristi za lije\u010denje skolioze, deformacije kralje\u017enice koja uzrokuje bo\u010dnu zakrivljenost i rotaciju kralje\u017eaka. <\/p>\n\n\n\n<p>Schroth metoda koristi posebne vje\u017ebe, polo\u017eaje tijela i disanje kako bi ispravila zakrivljenost kralje\u017enice i pobolj\u0161ala posturu. Terapeut koji je specijaliziran za Schroth metodu provodi individualne terapije prilago\u0111ene potrebama svakog pacijenta.<\/p>\n\n\n\n<p>Ova terapija se temelji na u\u010denju pacijenata  kako pravilno koristiti svoje mi\u0161i\u0107e i disanje kako bi stvorili protute\u017eu i postupno ispravili zakrivljenost, na vje\u017ebama za ciljano ja\u010danje mi\u0161i\u0107a koji podr\u017eavaju ispravnu posturu i smanjuju rotaciju kralje\u017eaka, te na u\u010denju posturalnih navika kako bi mogli ispraviti nepravilnosti u svakodnevnim aktivnostima.<\/p>\n\n\n\n<p>Schroth metoda je posebno u\u010dinkovita u lije\u010denju idiopatske skolioze, koja je naj\u010de\u0161\u0107i oblik skolioze kod adolescenata. Terapija se mo\u017ee provoditi kao samostalna metoda ili u kombinaciji s drugim terapijama kao \u0161to su no\u0161enje korzeta ili fizioterapija.<\/p>\n\n\n\n<p>Osim lije\u010denja skolioze, Schroth metoda mo\u017ee pomo\u0107i u smanjenju bolova u le\u0111ima, pobolj\u0161anju posturalnih problema i poticanju op\u0107e ravnote\u017ee tijela.<\/p>\n\n\n\n<p>Redovite terapije Schroth metodom mogu donijeti zna\u010dajne rezultate u ispravljanju zakrivljenosti kralje\u017enice, pobolj\u0161anju posturalnih problema i pobolj\u0161anju kvalitete \u017eivota pacijenata s skoliozom.<\/p>\n\n\n\n<p> <\/p>\n<\/div><\/div>\n","protected":false},"excerpt":{"rendered":"<p>Schroth metoda je terapijski pristup koji se koristi za lije\u010denje skolioze, deformacije kralje\u017enice koja uzrokuje bo\u010dnu zakrivljenost i rotaciju kralje\u017eaka. Schroth metoda koristi posebne vje\u017ebe, polo\u017eaje tijela i disanje kako &hellip; <\/p>\n","protected":false},"author":1,"featured_media":0,"parent":0,"menu_order":0,"comment_status":"closed","ping_status":"closed","template":"","meta":[],"yoast_head":"<!-- This site is optimized with the Yoast SEO plugin v19.14 - https:\/\/yoast.com\/wordpress\/plugins\/seo\/ -->\n<title>Schroth metoda -<\/title>\n<meta name=\"robots\" content=\"index, follow, max-snippet:-1, max-image-preview:large, max-video-preview:-1\" \/>\n<link rel=\"canonical\" href=\"https:\/\/rehaana.hr\/?page_id=85\" \/>\n<meta property=\"og:locale\" content=\"en_US\" \/>\n<meta property=\"og:type\" content=\"article\" \/>\n<meta property=\"og:title\" content=\"Schroth metoda -\" \/>\n<meta property=\"og:description\" content=\"Schroth metoda je terapijski pristup koji se koristi za lije\u010denje skolioze, deformacije kralje\u017enice koja uzrokuje bo\u010dnu zakrivljenost i rotaciju kralje\u017eaka. Schroth metoda koristi posebne vje\u017ebe, polo\u017eaje tijela i disanje kako &hellip;\" \/>\n<meta property=\"og:url\" content=\"https:\/\/rehaana.hr\/?page_id=85\" \/>\n<meta property=\"article:modified_time\" content=\"2023-06-28T15:33:18+00:00\" \/>\n<meta property=\"og:image\" content=\"https:\/\/rehaana.hr\/wp-content\/uploads\/2023\/06\/3c0695c-683x1024.jpg\" \/>\n<meta name=\"twitter:card\" content=\"summary_large_image\" \/>\n<meta name=\"twitter:label1\" content=\"Est. reading time\" \/>\n\t<meta name=\"twitter:data1\" content=\"1 minute\" \/>\n<script type=\"application\/ld+json\" class=\"yoast-schema-graph\">{\"@context\":\"https:\/\/schema.org\",\"@graph\":[{\"@type\":\"WebPage\",\"@id\":\"https:\/\/rehaana.hr\/?page_id=85\",\"url\":\"https:\/\/rehaana.hr\/?page_id=85\",\"name\":\"Schroth metoda -\",\"isPartOf\":{\"@id\":\"https:\/\/rehaana.hr\/#website\"},\"datePublished\":\"2023-06-27T15:22:32+00:00\",\"dateModified\":\"2023-06-28T15:33:18+00:00\",\"breadcrumb\":{\"@id\":\"https:\/\/rehaana.hr\/?page_id=85#breadcrumb\"},\"inLanguage\":\"en-US\",\"potentialAction\":[{\"@type\":\"ReadAction\",\"target\":[\"https:\/\/rehaana.hr\/?page_id=85\"]}]},{\"@type\":\"BreadcrumbList\",\"@id\":\"https:\/\/rehaana.hr\/?page_id=85#breadcrumb\",\"itemListElement\":[{\"@type\":\"ListItem\",\"position\":1,\"name\":\"Home\",\"item\":\"https:\/\/rehaana.hr\/\"},{\"@type\":\"ListItem\",\"position\":2,\"name\":\"Schroth metoda\"}]},{\"@type\":\"WebSite\",\"@id\":\"https:\/\/rehaana.hr\/#website\",\"url\":\"https:\/\/rehaana.hr\/\",\"name\":\"\",\"description\":\"\",\"potentialAction\":[{\"@type\":\"SearchAction\",\"target\":{\"@type\":\"EntryPoint\",\"urlTemplate\":\"https:\/\/rehaana.hr\/?s={search_term_string}\"},\"query-input\":\"required name=search_term_string\"}],\"inLanguage\":\"en-US\"}]}<\/script>\n<!-- \/ Yoast SEO plugin. -->","yoast_head_json":{"title":"Schroth metoda -","robots":{"index":"index","follow":"follow","max-snippet":"max-snippet:-1","max-image-preview":"max-image-preview:large","max-video-preview":"max-video-preview:-1"},"canonical":"https:\/\/rehaana.hr\/?page_id=85","og_locale":"en_US","og_type":"article","og_title":"Schroth metoda -","og_description":"Schroth metoda je terapijski pristup koji se koristi za lije\u010denje skolioze, deformacije kralje\u017enice koja uzrokuje bo\u010dnu zakrivljenost i rotaciju kralje\u017eaka. Schroth metoda koristi posebne vje\u017ebe, polo\u017eaje tijela i disanje kako &hellip;","og_url":"https:\/\/rehaana.hr\/?page_id=85","article_modified_time":"2023-06-28T15:33:18+00:00","og_image":[{"url":"https:\/\/rehaana.hr\/wp-content\/uploads\/2023\/06\/3c0695c-683x1024.jpg"}],"twitter_card":"summary_large_image","twitter_misc":{"Est. reading time":"1 minute"},"schema":{"@context":"https:\/\/schema.org","@graph":[{"@type":"WebPage","@id":"https:\/\/rehaana.hr\/?page_id=85","url":"https:\/\/rehaana.hr\/?page_id=85","name":"Schroth metoda -","isPartOf":{"@id":"https:\/\/rehaana.hr\/#website"},"datePublished":"2023-06-27T15:22:32+00:00","dateModified":"2023-06-28T15:33:18+00:00","breadcrumb":{"@id":"https:\/\/rehaana.hr\/?page_id=85#breadcrumb"},"inLanguage":"en-US","potentialAction":[{"@type":"ReadAction","target":["https:\/\/rehaana.hr\/?page_id=85"]}]},{"@type":"BreadcrumbList","@id":"https:\/\/rehaana.hr\/?page_id=85#breadcrumb","itemListElement":[{"@type":"ListItem","position":1,"name":"Home","item":"https:\/\/rehaana.hr\/"},{"@type":"ListItem","position":2,"name":"Schroth metoda"}]},{"@type":"WebSite","@id":"https:\/\/rehaana.hr\/#website","url":"https:\/\/rehaana.hr\/","name":"","description":"","potentialAction":[{"@type":"SearchAction","target":{"@type":"EntryPoint","urlTemplate":"https:\/\/rehaana.hr\/?s={search_term_string}"},"query-input":"required name=search_term_string"}],"inLanguage":"en-US"}]}},"_links":{"self":[{"href":"https:\/\/rehaana.hr\/index.php?rest_route=\/wp\/v2\/pages\/85"}],"collection":[{"href":"https:\/\/rehaana.hr\/index.php?rest_route=\/wp\/v2\/pages"}],"about":[{"href":"https:\/\/rehaana.hr\/index.php?rest_route=\/wp\/v2\/types\/page"}],"author":[{"embeddable":true,"href":"https:\/\/rehaana.hr\/index.php?rest_route=\/wp\/v2\/users\/1"}],"replies":[{"embeddable":true,"href":"https:\/\/rehaana.hr\/index.php?rest_route=%2Fwp%2Fv2%2Fcomments&post=85"}],"version-history":[{"count":4,"href":"https:\/\/rehaana.hr\/index.php?rest_route=\/wp\/v2\/pages\/85\/revisions"}],"predecessor-version":[{"id":112,"href":"https:\/\/rehaana.hr\/index.php?rest_route=\/wp\/v2\/pages\/85\/revisions\/112"}],"wp:attachment":[{"href":"https:\/\/rehaana.hr\/index.php?rest_route=%2Fwp%2Fv2%2Fmedia&parent=85"}],"curies":[{"name":"wp","href":"https:\/\/api.w.org\/{rel}","templated":true}]}}